 c**5/10 - 7*c**4/24 - c**3 - c**2. List the prime factors of a(f).
2
Let j(a) = -a**3 + 11*a**2 - 4*a - 22. What are the prime factors of j(10)?
2, 19
Let m(a) = a**3 + 5*a**2 + 2*a - 7. Let q be m(-5). Suppose 5*s + 0*s = -40. Let b = s - q. List the prime factors of b.
3
Suppose 4*a + 0*s = 4*s - 32, 4*a + s + 37 = 0. Let m(d) be the second derivative of d**5/20 + 5*d**4/6 + d**3 - 6*d**2 + d. List the prime factors of m(a).
3, 5
Let x(m) = -m + 1. Let q(z) = 2*z - 6. Let a(g) = q(g) - 3*x(g). What are the prime factors of a(4)?
11
Suppose 10 - 2 = 2*s. Suppose 0*v + 8 = 3*p + 2*v, 2*p = s*v. Suppose -l + 18 + p = 0. What are the prime factors of l?
2, 5
Let k(a) = a**3 + 4*a**2 + 3*a + 1. Let i be k(-2). Suppose m + i = -4*b, -4*b - 4*m - 10 = 2. Suppose -4*z - z + 15 = b. List the prime factors of z.
3
Suppose 0 = -5*y + 34 - 9. List the prime factors of y.
5
Let l = 39 - 11. What are the prime factors of l?
2, 7
Let d(s) = s + 4. Let h be d(-5). What are the prime factors of 26*(-3)/6*h?
13
Let s(k) = 19*k. List the prime factors of s(1).
19
Let o = -6 + 5. Let f = o + 4. Suppose -g + f*j = 2*j - 11, j - 3 = 0. What are the prime factors of g?
2, 7
What are the prime factors of (-10)/(-30) + ((-326)/(-3) - -1)?
2, 5, 11
Let b(q) = q**3 + 5*q**2 - 3*q - 7. Let n be b(-5). What are the prime factors of (n/6)/((-1)/(-9))?
2, 3
Let f(d) = 3*d - 3. Let x(b) = b - 1. Let o(g) = -3*f(g) + 8*x(g). List the prime factors of o(-11).
2, 3
Let t(x) = -x**3 - 2*x**2 + 4*x - 5. Let i be t(-5). Suppose 4*s - 3*s = -4*j + 55, -4*j + i = 2*s. List the prime factors of j.
3, 5
Suppose -2*c = -221 - 177. What are the prime factors of c?
199
Let r(w) = 6*w**3 + w**2 - w - 1. Let q be r(-1). Let h(k) = 7*k**2 - k + 0*k + k**3 + 4*k**2 - 6*k**2. What are the prime factors of h(q)?
5
List the prime factors of (-3)/2*(-36)/2.
3
Let z(j) = j**2 - 8*j + 3. What are the prime factors of z(-6)?
3, 29
Let n(o) = o**2 - 7*o + 4. Let f(c) = c. Let w(s) = 3*f(s) + n(s). Let y be w(7). Suppose y = 2*k + 9. List the prime factors of k.
2
Let a = 55 - 15. What are the prime factors of a?
2, 5
Let i(g) = -g + 3. Let h be i(4). Let n = 3 + h. Suppose -2*k - 5*u + 16 = 6, 0 = -3*k + n*u + 34. List the prime factors of k.
2, 5
Let v(x) = x**3 + 7*x**2 + 4*x - 5. Let a be v(-6). Let n = -1 + a. List the prime factors of n.
2, 3
Suppose 3 = -4*n + 91. Suppose -n = 2*i - 4*i. List the prime factors of i.
11
Suppose 20*u - 891 = 9*u. What are the prime factors of u?
3
Suppose 0 = 5*q + 5*o - 1250, 5*o + 89 = -3*q + 847. What are the prime factors of q?
2, 3, 41
Suppose -3*m + 4*i = -8*m - 2, 3*i - 12 = 3*m. Let k be 3/(3 - 0)*m. Let o = k - -8. List the prime factors of o.
2, 3
Let v = -22 + 35. List the prime factors of v.
13
Suppose f = -2 + 1. List the prime factors of 0 + -3 - -6 - f.
2
Suppose 0*v = v - b - 53, 3*b - 198 = -4*v. List the prime factors of v.
3, 17
Let q(d) = -18*d - 89. What are the prime factors of q(-17)?
7, 31
Let n(i) = -3*i**3 - 28*i**2 - 25*i + 39. Let u(x) = -4*x**3 - 42*x**2 - 38*x + 59. Let a(j) = -7*n(j) + 5*u(j). List the prime factors of a(15).
2, 11
Let q = 21 - -5. List the prime factors of q.
2, 13
Suppose -d + 5 = 5*g, 2 = -4*g + d - 3*d. Suppose -3*s + 3 = n, n + 2*s + g = 6. What are the prime factors of n?
2, 3
Let z be (6/4)/((-3)/(-8)). Let k be 69/15 - (-2)/5. Suppose -2 = -g - p, k*p = -g - 22 + z. What are the prime factors of g?
7
Let s be (-3)/(10/(-4) + 1). Let y be 1 + (34 - (s + 0)). Suppose -5*l + 27 + y = 0. List the prime factors of l.
2, 3
Let o = 1 + 2. What are the prime factors of 12 + (o/1 - 2)?
13
Let k(l) = 30*l + 1. Let u be ((-4)/8)/((-1)/2). What are the prime factors of k(u)?
31
Suppose -2*c + 10*c - 448 = 0. What are the prime factors of c?
2, 7
Suppose s = 3*q - s + 25, 5 = s. Let p be (-21)/q + 7/(-35). Suppose x - 2*z = -4*z - 1, -p*x + 8 = 5*z. What are the prime factors of x?
7
Suppose 4*q - 58 = -4*w + 50, -4*w + 80 = -3*q. List the prime factors of w.
23
Let i = 7 + -11. Suppose -3*g - 148 = -4*k, 5*g - 60 = -k - 0*g. What are the prime factors of i/6 - k/(-6)?
2, 3
Let i(a) = a**3 + 4*a**2 - 6*a - 4. Let b be i(-4). Suppose 4*r - b = -4. List the prime factors of -1 - (r + 1)/(-1).
2
Let x be (-1)/4 - (-2)/8. What are the prime factors of 6/(-3) + (23 - x)?
3, 7
Suppose 12*j - 7*j = 295. Suppose -2*y + j = 2*y - c, -5*y + c + 73 = 0. List the prime factors of y.
2, 7
Let a(y) = 2*y**2 + 5. Let x be a(0). What are the prime factors of -2*(225/(-2))/x?
3, 5
Let s = -51 - -104. What are the prime factors of s?
53
Let r(m) = 0*m**2 - 2 - m**2 + 9*m + 2. List the prime factors of r(7).
2, 7
Suppose 41 - 1 = 5*r. What are the prime factors of r?
2
Let z(u) = u**3 - 5*u**2 - 7*u + 6. Let q be z(6). Suppose 4*i - 7 + 3 = q. Let g(f) = 8*f - 1. What are the prime factors of g(i)?
7
Let a(j) = j**3 - 3*j**2 - 7*j + 7. Let g be a(5). Suppose -4 + 32 = 2*f. Suppose -3*q + f = -g. What are the prime factors of q?
2, 3
Suppose u + 4*g + 47 = 2*u, 0 = 2*g + 2. List the prime factors of u.
43
Suppose -15 = 4*k - a + 5, 4*k + 3*a + 20 = 0. What are the prime factors of (-3 - 0) + (-65)/k?
2, 5
Let h = -15 + 15. Suppose 4*i - 3*o = 63, -3*i - 5*o = -h*i - 11. List the prime factors of i.
2, 3
Let t = 1 + -3. Let j = t + 15. List the prime factors of j.
13
Let v = -9 - -10. Suppose -c + 4*p = 40, -96 = 5*c + p - v. Let b = -13 - c. List the prime factors of b.
7
Suppose -10 = -5*s - 5*x, 8 = -3*s + 5*s + 3*x. Let g = 5 + s. Suppose 4*i = -2*q - 14, 2*q - g*q = -i - 8. What are the prime factors of q?
3
Suppose -6 = y - 2*y. Let q be 1/2 - (-57)/y. Suppose -4 = 3*n - q. List the prime factors of n.
2
Let r(q) = -4*q - 19. Suppose 5*h - 3*v = -40, 0*h - v + 50 = -5*h. What are the prime factors of r(h)?
5
Let a(b) be the first derivative of b**5/30 - b**4/8 + b**3 + 2. Let r(l) be the third derivative of a(l). What are the prime factors of r(2)?
5
Suppose -8*h + 40 = -7*h. List the prime factors of h.
2, 5
List the prime factors of ((-1717)/68)/((-1)/8).
2, 101
Let n be 4/2 - (-165)/(-5). Let o = n - -43. List the prime factors of o.
2, 3
Let f = 0 - -1. Suppose -5 = 3*v - 2. List the prime factors of f/(v/(0 - 2)).
2
Suppose 2*v = -14 + 46. Suppose 3*y - h - 4 = v, 0 = 4*h - 16. List the prime factors of y.
2
Suppose 115 = 5*m - 165. What are the prime factors of m/(-35)*(-1 - 4)?
2
Suppose -4*g + g - 24 = 0. Let p(a) = -a**2 - 10*a - 1. What are the prime factors of p(g)?
3, 5
Suppose -5*z + 3*z - 2 = 0. Let b be 25*(z - (-7)/5). List the prime factors of (4/8)/(1/b).
5
Let t = 38 - -7. What are the prime factors of t?
3, 5
Let u(l) = -l - 13. Let i be (-27)/2*(-4)/6. Let q be u(i). Let k = 31 + q. List the prime factors of k.
3
Let z = -93 + 146. Suppose -2*w - 8 = -4*h + 4, 5*w = -3*h + 22. Suppose h*n - z = -o, -4*n - 4*o + 28 = -8*o. List the prime factors of n.
2, 3
Let t = -48 - -90. What are the prime factors of t?
2, 3, 7
Let h be -1 + 2 + 5/(-1). Let c(v) be the first derivative of -3*v**2/2 - v - 1. List the prime factors of c(h).
11
Suppose -5*u = x - 58, 4*u - 6 = u. What are the prime factors of x?
2, 3
Let s(r) = -r**3 - 4*r**2 - 8*r - 4. Let i be s(-5). Suppose -4*v - 5*n + i = 0, 5*v - 4*n - 20 = 5. List the prime factors of v.
3
Suppose q = 5*q - 4*p + 4, p - 9 = 3*q. List the prime factors of (-8)/(-4*q/(-72)).
2, 3
List the prime factors of ((-1346)/11)/(-2) + 4/(-22).
61
Let z(y) = y + 32. List the prime factors of z(-26).
2, 3
Suppose 10*z - 6*z - 44 = 0. What are the prime factors of z?
11
List the prime factors of (182/(-7))/(-1 - 1).
13
Suppose 140 = 3*u - 5*g + g, 4*u - 3*g = 196. List the prime factors of u.
2, 13
Let a(i) = -i + 5. Let t be a(0). Suppose 3*f + 53 = -f - 3*o, t*f = -4*o - 66. Let v = 32 + f. List the prime factors of v.
2, 3
List the prime factors of 5 + 104 + 5/(-5).
2, 3
Let t = 4 + -1. Suppose -j + t*c = -2, 4*c + 19 = 4*j + 3*c. What are the prime factors of j?
5
Let u(c) = -c. Let x be 2/6 - 37/3. Let s = 8 + x. What are the prime factors of u(s)?
2
Suppose 5*t + w - 418 = 0, 2*w - 248 = -3*t - 0*t. What are the prime factors of t?
2, 3, 7
Let z(d) = 4*d - 17. Let h be z(8). Suppose -4*f - a + 2*a = -14, -3*a = -3*f + h. List the prime factors of f.
3
Let g(j) be the second 